{"id":9281,"date":"2023-06-12T13:05:20","date_gmt":"2023-06-12T13:05:20","guid":{"rendered":"https:\/\/livret.becquerel.fr\/?docs=livret-daccueil\/votre-parcours-de-soins-9078\/personnaliser-votre-prise-en-charge"},"modified":"2025-08-07T08:22:10","modified_gmt":"2025-08-07T08:22:10","slug":"personnaliser-votre-prise-en-charge-9281","status":"publish","type":"docs","link":"https:\/\/livret.becquerel.fr\/?docs=livret-daccueil\/votre-parcours-de-soins-9078\/personnaliser-votre-prise-en-charge-9281","title":{"rendered":"Personnaliser votre prise en charge"},"content":{"rendered":"\n<figure class=\"wp-block-embed is-type-video is-provider-youtube wp-block-embed-youtube wp-embed-aspect-16-9 wp-has-aspect-ratio\"><div class=\"wp-block-embed__wrapper\">\n<iframe title=\"Personnaliser votre prise en charge - livret d&#039;accueil\" width=\"1270\" height=\"714\" src=\"https:\/\/www.youtube.com\/embed\/gz6vfj_3-yM?feature=oembed\" frameborder=\"0\" allow=\"accelerometer; autoplay; clipboard-write; encrypted-media; gyroscope; picture-in-picture; web-share\" referrerpolicy=\"strict-origin-when-cross-origin\" allowfullscreen><\/iframe>\n<\/div><\/figure>\n\n\n\n<p class=\"has-text-color has-background\" style=\"color:#e9560d;background-color:#fef0e6\"><strong>Le Centre tend vers une m\u00e9decine ultra-personnalis\u00e9e du cancer qui consiste \u00e0 prendre en charge chaque patient de fa\u00e7on individualis\u00e9e.<\/strong><\/p>\n\n\n\n<div class=\"wp-block-columns is-layout-flex wp-container-core-columns-is-layout-9d6595d7 wp-block-columns-is-layout-flex\">\n<div class=\"wp-block-column is-layout-flow wp-block-column-is-layout-flow\" style=\"flex-basis:33.33%\">\n<figure class=\"wp-block-image size-full\"><img fetchpriority=\"high\" decoding=\"async\" width=\"341\" height=\"275\" src=\"https:\/\/livret.becquerel.fr\/wp-content\/uploads\/2023\/06\/rcp.jpg\" alt=\"\" class=\"wp-image-9284\" srcset=\"https:\/\/livret.becquerel.fr\/wp-content\/uploads\/2023\/06\/rcp.jpg 341w, https:\/\/livret.becquerel.fr\/wp-content\/uploads\/2023\/06\/rcp-300x242.jpg 300w, https:\/\/livret.becquerel.fr\/wp-content\/uploads\/2023\/06\/rcp-20x16.jpg 20w\" sizes=\"(max-width: 341px) 100vw, 341px\" \/><\/figure>\n<\/div>\n\n\n\n<div class=\"wp-block-column is-layout-flow wp-block-column-is-layout-flow\" style=\"flex-basis:66.66%\">\n<h2 class=\"wp-block-heading has-text-color\" style=\"color:#e9560d\"><strong>R\u00e9union pluridisciplinaire<\/strong><\/h2>\n\n\n\n<p>Votre dossier m\u00e9dical est \u00e9tudi\u00e9 en R\u00e9union de Concertation Pluridisciplinaire (RCP), par une \u00e9quipe compos\u00e9e des diff\u00e9rents m\u00e9decins sp\u00e9cialistes (chirurgien, onco-radioth\u00e9rapeute, oncologue m\u00e9dical, h\u00e9matologue, radiologue, anatomo- pathologiste\u2026) impliqu\u00e9s dans votre prise en charge. Ils d\u00e9finissent ensemble la meilleure strat\u00e9gie th\u00e9rapeutique possible pour vous, en fonction des r\u00e9f\u00e9rentiels disponibles, et \u00e9tablissent votre Plan Personnalis\u00e9 de Soins (PPS), c\u2019est-\u00e0-dire le calendrier des traitements \u00e0 venir qui vous seront propos\u00e9s. Nos m\u00e9decins participent activement aux soci\u00e9t\u00e9s savantes nationales et nombre d\u2019entre eux publient des travaux de recherche, ce qui vous garantit l\u2019acc\u00e8s aux traitements les plus innovants.<\/p>\n<\/div>\n<\/div>\n\n\n\n<div class=\"wp-block-group has-background\" style=\"background-color:#fbd1b5\"><div class=\"wp-block-group__inner-container is-layout-constrained wp-block-group-is-layout-constrained\">\n<h2 class=\"wp-block-heading has-text-color\" style=\"color:#e9560d\"><strong>Dispositif d\u2019annonce<\/strong><\/h2>\n\n\n\n<p>En cas de diagnostic de cancer, un dispositif d\u2019annonce, en deux temps, peut \u00eatre mis en place :<\/p>\n\n\n\n<ul class=\"wp-block-list\">\n<li>Une consultation d\u2019annonce par le m\u00e9decin r\u00e9f\u00e9rent en charge d\u2019informer du diagnostic et d\u2019expliquer les \u00e9tapes de la prise en charge.<\/li>\n\n\n\n<li>Une consultation param\u00e9dicale, aupr\u00e8s d\u2019un(e) infirmi\u00e8r(e), pour prendre le temps d\u2019expliquer ou de reformuler ce qui a \u00e9t\u00e9 dit, d\u2019apporter des informations compl\u00e9mentaires sur le d\u00e9roulement des soins, sur la planification des rendez-vous, et de r\u00e9pondre aux questions.<\/li>\n<\/ul>\n<\/div><\/div>\n\n\n\n<div style=\"height:15px\" aria-hidden=\"true\" class=\"wp-block-spacer\"><\/div>\n\n\n\n<div class=\"wp-block-group has-background\" style=\"background-color:#ececec\"><div class=\"wp-block-group__inner-container is-layout-constrained wp-block-group-is-layout-constrained\">\n<h2 class=\"wp-block-heading has-text-color\" style=\"color:#e9560d\"><strong>Pr\u00e9servation de la fertilit\u00e9<\/strong><\/h2>\n\n\n\n<p>Avant la chimioth\u00e9rapie, une consultation de pr\u00e9servation de la fertilit\u00e9, aupr\u00e8s de l\u2019\u00e9quipe du laboratoire de la reproduction du CHU de Rouen, est propos\u00e9e aux patients concern\u00e9s qui le souhaitent.<\/p>\n<\/div><\/div>\n\n\n\n<div style=\"height:15px\" aria-hidden=\"true\" class=\"wp-block-spacer\"><\/div>\n\n\n\n<div class=\"wp-block-group has-background\" style=\"background-color:#ececec\"><div class=\"wp-block-group__inner-container is-layout-constrained wp-block-group-is-layout-constrained\">\n<h2 class=\"wp-block-heading has-text-color\" style=\"color:#e9560d\"><strong>Prise en charge oncog\u00e9riatrique<\/strong><\/h2>\n\n\n\n<p>Une \u00e9valuation g\u00e9riatrique est effectu\u00e9e chez certains patients \u00e2g\u00e9s de plus de 75 ans pour adapter la prise en charge.<\/p>\n<\/div><\/div>\n\n\n\n<div style=\"height:15px\" aria-hidden=\"true\" class=\"wp-block-spacer\"><\/div>\n","protected":false},"excerpt":{"rendered":"<p>Le Centre tend vers une m\u00e9decine ultra-personnalis\u00e9e du cancer qui consiste \u00e0 prendre en charge chaque patient de fa\u00e7on individualis\u00e9e. R\u00e9union pluridisciplinaire Votre dossier m\u00e9dical est \u00e9tudi\u00e9 en R\u00e9union de Concertation Pluridisciplinaire (RCP), par une \u00e9quipe compos\u00e9e des diff\u00e9rents m\u00e9decins sp\u00e9cialistes (chirurgien, onco-radioth\u00e9rapeute, oncologue m\u00e9dical, h\u00e9matologue, radiologue, anatomo- pathologiste\u2026) impliqu\u00e9s dans votre prise en charge. [&hellip;]<\/p>\n","protected":false},"author":1,"featured_media":0,"parent":9078,"menu_order":9,"comment_status":"open","ping_status":"closed","template":"","doc_tag":[],"doc_badge":[],"class_list":["post-9281","docs","type-docs","status-publish","hentry","no-post-thumbnail"],"acf":[],"author_avatar":"https:\/\/secure.gravatar.com\/avatar\/d9920acf16388f87b0dec2ee99918dde80987fd66ac3215b262c9741d172e865?s=96&d=mm&r=g","author_name":"admin","_links":{"self":[{"href":"https:\/\/livret.becquerel.fr\/index.php?rest_route=\/wp\/v2\/docs\/9281","targetHints":{"allow":["GET"]}}],"collection":[{"href":"https:\/\/livret.becquerel.fr\/index.php?rest_route=\/wp\/v2\/docs"}],"about":[{"href":"https:\/\/livret.becquerel.fr\/index.php?rest_route=\/wp\/v2\/types\/docs"}],"author":[{"embeddable":true,"href":"https:\/\/livret.becquerel.fr\/index.php?rest_route=\/wp\/v2\/users\/1"}],"replies":[{"embeddable":true,"href":"https:\/\/livret.becquerel.fr\/index.php?rest_route=%2Fwp%2Fv2%2Fcomments&post=9281"}],"version-history":[{"count":7,"href":"https:\/\/livret.becquerel.fr\/index.php?rest_route=\/wp\/v2\/docs\/9281\/revisions"}],"predecessor-version":[{"id":9945,"href":"https:\/\/livret.becquerel.fr\/index.php?rest_route=\/wp\/v2\/docs\/9281\/revisions\/9945"}],"up":[{"embeddable":true,"href":"https:\/\/livret.becquerel.fr\/index.php?rest_route=\/wp\/v2\/docs\/9078"}],"wp:attachment":[{"href":"https:\/\/livret.becquerel.fr\/index.php?rest_route=%2Fwp%2Fv2%2Fmedia&parent=9281"}],"wp:term":[{"taxonomy":"doc_tag","embeddable":true,"href":"https:\/\/livret.becquerel.fr\/index.php?rest_route=%2Fwp%2Fv2%2Fdoc_tag&post=9281"},{"taxonomy":"doc_badge","embeddable":true,"href":"https:\/\/livret.becquerel.fr\/index.php?rest_route=%2Fwp%2Fv2%2Fdoc_badge&post=9281"}],"curies":[{"name":"wp","href":"https:\/\/api.w.org\/{rel}","templated":true}]}}

<figure class="wp-block-embed is-type-video is-provider-youtube wp-block-embed-youtube wp-embed-aspect-16-9 wp-has-aspect-ratio"><div class="wp-block-embed__wrapper">
<iframe title="Personnaliser votre prise en charge - livret d&#039;accueil" width="1270" height="714" src="https://www.youtube.com/embed/gz6vfj_3-yM?feature=oembed" frameborder="0" allow="accelerometer; autoplay; clipboard-write; encrypted-media; gyroscope; picture-in-picture; web-share" referrerpolicy="strict-origin-when-cross-origin" allowfullscreen></iframe>
</div></figure>



<p class="has-text-color has-background" style="color:#e9560d;background-color:#fef0e6"><strong>Le Centre tend vers une médecine ultra-personnalisée du cancer qui consiste à prendre en charge chaque patient de façon individualisée.</strong></p>



<div class="wp-block-columns is-layout-flex wp-container-core-columns-is-layout-9d6595d7 wp-block-columns-is-layout-flex">
<div class="wp-block-column is-layout-flow wp-block-column-is-layout-flow" style="flex-basis:33.33%">
<figure class="wp-block-image size-full"><img fetchpriority="high" decoding="async" width="341" height="275" src="https://livret.becquerel.fr/wp-content/uploads/2023/06/rcp.jpg" alt="" class="wp-image-9284" srcset="https://livret.becquerel.fr/wp-content/uploads/2023/06/rcp.jpg 341w, https://livret.becquerel.fr/wp-content/uploads/2023/06/rcp-300x242.jpg 300w, https://livret.becquerel.fr/wp-content/uploads/2023/06/rcp-20x16.jpg 20w" sizes="(max-width: 341px) 100vw, 341px" /></figure>
</div>



<div class="wp-block-column is-layout-flow wp-block-column-is-layout-flow" style="flex-basis:66.66%">
<h2 class="wp-block-heading has-text-color" style="color:#e9560d"><strong>Réunion pluridisciplinaire</strong></h2>



<p>Votre dossier médical est étudié en Réunion de Concertation Pluridisciplinaire (RCP), par une équipe composée des différents médecins spécialistes (chirurgien, onco-radiothérapeute, oncologue médical, hématologue, radiologue, anatomo- pathologiste…) impliqués dans votre prise en charge. Ils définissent ensemble la meilleure stratégie thérapeutique possible pour vous, en fonction des référentiels disponibles, et établissent votre Plan Personnalisé de Soins (PPS), c’est-à-dire le calendrier des traitements à venir qui vous seront proposés. Nos médecins participent activement aux sociétés savantes nationales et nombre d’entre eux publient des travaux de recherche, ce qui vous garantit l’accès aux traitements les plus innovants.</p>
</div>
</div>



<div class="wp-block-group has-background" style="background-color:#fbd1b5"><div class="wp-block-group__inner-container is-layout-constrained wp-block-group-is-layout-constrained">
<h2 class="wp-block-heading has-text-color" style="color:#e9560d"><strong>Dispositif d’annonce</strong></h2>



<p>En cas de diagnostic de cancer, un dispositif d’annonce, en deux temps, peut être mis en place :</p>



<ul class="wp-block-list">
<li>Une consultation d’annonce par le médecin référent en charge d’informer du diagnostic et d’expliquer les étapes de la prise en charge.</li>



<li>Une consultation paramédicale, auprès d’un(e) infirmièr(e), pour prendre le temps d’expliquer ou de reformuler ce qui a été dit, d’apporter des informations complémentaires sur le déroulement des soins, sur la planification des rendez-vous, et de répondre aux questions.</li>
</ul>
</div></div>



<div style="height:15px" aria-hidden="true" class="wp-block-spacer"></div>



<div class="wp-block-group has-background" style="background-color:#ececec"><div class="wp-block-group__inner-container is-layout-constrained wp-block-group-is-layout-constrained">
<h2 class="wp-block-heading has-text-color" style="color:#e9560d"><strong>Préservation de la fertilité</strong></h2>



<p>Avant la chimiothérapie, une consultation de préservation de la fertilité, auprès de l’équipe du laboratoire de la reproduction du CHU de Rouen, est proposée aux patients concernés qui le souhaitent.</p>
</div></div>



<div style="height:15px" aria-hidden="true" class="wp-block-spacer"></div>



<div class="wp-block-group has-background" style="background-color:#ececec"><div class="wp-block-group__inner-container is-layout-constrained wp-block-group-is-layout-constrained">
<h2 class="wp-block-heading has-text-color" style="color:#e9560d"><strong>Prise en charge oncogériatrique</strong></h2>



<p>Une évaluation gériatrique est effectuée chez certains patients âgés de plus de 75 ans pour adapter la prise en charge.</p>
</div></div>



<div style="height:15px" aria-hidden="true" class="wp-block-spacer"></div>

<p>Le Centre tend vers une médecine ultra-personnalisée du cancer qui consiste à prendre en charge chaque patient de façon individualisée. Réunion pluridisciplinaire Votre dossier médical est étudié en Réunion de Concertation Pluridisciplinaire (RCP), par une équipe composée des différents médecins spécialistes (chirurgien, onco-radiothérapeute, oncologue médical, hématologue, radiologue, anatomo- pathologiste…) impliqués dans votre prise en charge. [&hellip;]</p>
